remainder when 101577993 is divided by 40?
33
What is the remainder when 178636 is divided by 307?
269
Calculate the remainder when 101359 is divided by 72.
55
What is the remainder when 5642915 is divided by 769?
762
What is the remainder when 641769 is divided by 213913?
30
What is the remainder when 3147719 is divided by 1049140?
299
What is the remainder when 207366547 is divided by 10188?
10183
What is the remainder when 27709934 is divided by 957?
956
Calculate the remainder when 29952880 is divided by 432.
160
What is the remainder when 182058 is divided by 60638?
144
Calculate the remainder when 250927 is divided by 83392.
751
What is the remainder when 41605705 is divided by 39?
37
What is the remainder when 62690 is divided by 28969?
4752
Calculate the remainder when 15986203 is divided by 828.
7
Calculate the remainder when 55374 is divided by 17875.
1749
What is the remainder when 354700 is divided by 1443?
1165
What is the remainder when 21350983 is divided by 4463?
4454
Calculate the remainder when 552278 is divided by 106.
18
Calculate the remainder when 3646728 is divided by 25.
3
What is the remainder when 967461 is divided by 360?
141
Calculate the remainder when 286033 is divided by 1572.
1501
Calculate the remainder when 29381256 is divided by 4197322.
2
Calculate the remainder when 151614 is divided by 75742.
130
Calculate the remainder when 11056743 is divided by 1726.
1713
What is the remainder when 142726 is divided by 1807?
1780
Calculate the remainder when 5099 is divided by 536.
275
Calculate the remainder when 24891433 is divided by 1914722.
47
What is the remainder when 1496276 is divided by 62344?
20
Calculate the remainder when 156749 is divided by 77770.
1209
What is the remainder when 39951 is divided by 3424?
2287
Calculate the remainder when 4690910 is divided by 104242.
20
What is the remainder when 40690 is divided by 32559?
8131
What is the remainder when 37419 is divided by 1798?
1459
Calculate the remainder when 499946 is divided by 70.
6
What is the remainder when 462834 is divided by 582?
144
What is the remainder when 247371 is divided by 1649?
21
What is the remainder when 638290435 is divided by 2942?
2941
Calculate the remainder when 582238 is divided by 4345.
8
Calculate the remainder when 1181 is divided by 55.
26
Calculate the remainder when 14771003 is divided by 532.
23
What is the remainder when 86613 is divided by 2544?
117
Calculate the remainder when 886387 is divided by 110612.
1491
What is the remainder when 100835285 is divided by 560196?
5
Calculate the remainder when 507008 is divided by 25259.
1828
What is the remainder when 4221857 is divided by 1407168?
353
Calculate the remainder when 115870 is divided by 28911.
226
Calculate the remainder when 16148201 is divided by 30.
11
What is the remainder when 1049033 is divided by 3485?
48
What is the remainder when 506346 is divided by 253103?
140
What is the remainder when 241470 is divided by 268?
2
What is the remainder when 2925275 is divided by 60?
35
What is the remainder when 320430618 is divided by 3011?
3009
What is the remainder when 54301041 is divided by 27150464?
113
What is the remainder when 9768835 is divided by 49?
48
Calculate the remainder when 1052832 is divided by 149.
147
What is the remainder when 19531 is divided by 906?
505
Calculate the remainder when 98629630 is divided by 4.
2
Calculate the remainder when 1871034 is divided by 187101.
24
Calculate the remainder when 243371697 is divided by 2379.
2376
Calculate the remainder when 2340846 is divided by 130043.
72
What is the remainder when 952514 is divided by 750?
14
What is the remainder when 101228 is divided by 739?
724
What is the remainder when 716999 is divided by 418?
129
Calculate the remainder when 1591566 is divided by 543.
33
Calculate the remainder when 251198 is divided by 251178.
20
What is the remainder when 195250 is divided by 6969?
118
Calculate the remainder when 4043206 is divided by 33139.
248
What is the remainder when 18022000 is divided by 8509?
8447
What is the remainder when 17191927 is divided by 1082?
29
Calculate the remainder when 122193 is divided by 1474.
1325
What is the remainder when 12684 is divided by 1404?
48
What is the remainder when 436899 is divided by 72803?
81
Calculate the remainder when 61277833 is divided by 2955.
2953
What is the remainder when 10829868 is divided by 2055?
18
What is the remainder when 1832366772 is divided by 1101?
1098
Calculate the remainder when 29008 is divided by 4695.
838
Calculate the remainder when 2779204 is divided by 379.
376
Calculate the remainder when 9429 is divided by 1544.
165
What is the remainder when 22358468 is divided by 37?
34
What is the remainder when 1667482 is divided by 160?
122
Calculate the remainder when 72374215 is divided by 148.
143
What is the remainder when 173650 is divided by 173563?
87
What is the remainder when 802195 is divided by 266473?
2776
What is the remainder when 290920 is divided by 1293?
1288
Calculate the remainder when 739201 is divided by 351.
346
Calculate the remainder when 7959602 is divided by 456.
122
Calculate the remainder when 18057571 is divided by 71.
70
Calculate the remainder when 980471 is divided by 392.
79
Calculate the remainder when 21795 is divided by 6758.
1521
Calculate the remainder when 2173457 is divided by 213.
5
What is the remainder when 19852113 is divided by 2128?
1
Calculate the remainder when 24228105 is divided by 50.
5
What is the remainder when 11397 is divided by 3786?
39
Calculate the remainder when 2887797 is divided by 14885.
107
Calculate the remainder when 9566369 is divided by 594.
593
What is the remainder when 424194 is divided by 1478?
8
Calculate the remainder when 26624712 is divided by 13312334.
44
Calculate the remainder when 53389 is divided by 8460.
2629
What is the remainder when 96382079 is divided by 5760?
5759
What is the remainder when 354317908 is divided by 29?
26
What is the remainder when 2469334 is divided by 1234644?
46
Calculate the remainder when 1304338 is divided by 188.
182
What is the remainder when 8867846 is divided by 2216961?
2
Calculate the remainder when 208974 is divided by 151.
141
Calculate the remainder when 16564617 is divided by 8282206.
205
What is the remainder when 106377 is divided by 34278?
3543
Calculate the remainder when 426145 is divided by 30438.
13
What is the remainder when 138005 is divided by 1270?
845
What is the remainder when 3029699 is divided by 73895?
4
What is the remainder when 86093 is divided by 1493?
992
Calculate the remainder when 34063 is divided by 14149.
5765
Calculate the remainder when 18322859 is divided by 15.
14
Calculate the remainder when 10524586 is divided by 8691.
8476
Calculate the remainder when 190788 is divided by 148.
16
What is the remainder when 695293 is divided by 963?
7
Calculate the remainder when 1145622 is divided by 2178.
2172
Calculate the remainder when 2116646 is divided by 140.
126
Calculate the remainder when 1048975 is divided by 209783.
60
Calculate the remainder when 59429 is divided by 3236.
1181
Calculate the remainder when 18721 is divided by 1246.
31
What is the remainder when 376343 is divided by 93281?
3219
Calculate the remainder when 10754077 is divided by 4049.
3982
Calculate the remainder when 420471 is divided by 2564.
2539
Calculate the remainder when 15201489 is divided by 112.
65
Calculate the remainder when 485953 is divided by 2809.
2805
Calculate the remainder when 44476 is divided by 10944.
700
What is the remainder when 3102413 is divided by 468?
41
Calculate the remainder when 169594 is divided by 56411.
361
Calculate the remainder when 1704575 is divided by 284065.
185
Calculate the remainder when 2989385 is divided by 10905.
1415
Calculate the remainder when 2958298 is divided by 493049.
4
Calculate the remainder when 92008 is divided by 2729.
1951
Calculate the remainder when 7466835 is divided by 519.
501
Calculate the remainder when 1514310 is divided by 757135.
40
Calculate the remainder when 2085930 is divided by 6601.
14
What is the remainder when 3820632 is divided by 13220?
52
Calculate the remainder when 12908070 is divided by 1079.
1072
What is the remainder when 11119689